et s = 2039 - 397. Suppose 7*c - s - 7031 = 0. List the prime factors of c.
3, 7, 59
Let k(h) = -32*h + 2441. List the prime factors of k(-41).
3, 139
Suppose 7*d - 6*d - 16137 = -4*n, 4*n - 64596 = -4*d. List the prime factors of d.
29, 557
Suppose 13*b - 11*b + 4*h = 12312, -3*b + 18458 = 4*h. What are the prime factors of b?
2, 7, 439
Let z = 20047 - -447. List the prime factors of z.
2, 10247
Let t(i) = 3105*i - 5089. What are the prime factors of t(6)?
11, 1231
Suppose -2*f = 2*h, f + 4*h = h + 2. What are the prime factors of ((-1)/f)/(-2 + (-598)/(-298))?
149
Let f = -34 - -26. Let c(x) = x + 19. Let h be c(f). Suppose h*l = 619 + 426. What are the prime factors of l?
5, 19
Let a(v) be the third derivative of -v**7/315 + v**6/120 + 3*v**5/20 + 6*v**2. Let c(t) be the third derivative of a(t). List the prime factors of c(-6).
2, 3, 17
Let k(l) = -l**3 - 3*l**2 - 3*l - 2. Let g be k(-3). Let f be 44/77 - (-1228)/g. Let w = -113 + f. List the prime factors of w.
3, 7
List the prime factors of 157 + -5*77/35.
2, 73
Let w(u) = -516*u + 8. Let s be w(2). Let k = s - -1933. Suppose -4*c + k = -5*g, 0*c - g + 225 = c. List the prime factors of c.
2, 113
Let m(c) = c + 21. Let h be m(-23). Let s be -56*(h - (-25)/20). Suppose v - s = 60. What are the prime factors of v?
2, 3, 17
Suppose -4*q + 6*w - 29 = 5*w, 0 = -q - 2*w + 4. Let p be -8*7/(21/q). Suppose -2*j + 0 = -3*b + 48, -b = 3*j - p. List the prime factors of b.
2
Suppose -18*p + 10742435 = 65*p + 90*p. List the prime factors of p.
5, 11, 1129
Let s(b) = -18*b**3 + 8*b**2 - 171*b - 2816. What are the prime factors of s(-16)?
2, 3, 19, 83
Suppose -278 = -10*g + 10352. Let t = -654 + g. What are the prime factors of t?
409
What are the prime factors of 35/(-30) + (-1019716)/(-24)?
42487
Let n(r) = -15*r - 181. Let h(k) = -3*k - 36. Let m(l) = 11*h(l) - 2*n(l). Let w be m(11). Let o = w + 142. List the prime factors of o.
3, 5
Let k be 23/3 - (-21)/63. Let n(r) = 9*r + 19. Let p be n(k). Let v = p - 26. List the prime factors of v.
5, 13
Let g(z) be the third derivative of -131*z**4/3 - 2*z**3 - 227*z**2. List the prime factors of g(-1).
2, 7, 37
Suppose 10*x - 101356 = 29*s - 31*s, 0 = 2*x + s - 20273. List the prime factors of x.
5, 2027
Suppose 0*w - 3*w + 22 = 2*b, 3*w + 3*b = 24. Suppose -w*c + 650 = -1756. What are the prime factors of c?
401
What are the prime factors of 3 - -87641 - (-74 - -63)?
5, 47, 373
Let n be -5 - (-6 + 7 - -1408). Let j = -861 - n. What are the prime factors of j?
7, 79
Let u be (-2)/(-3 + 1) + 393. Suppose -1015 = -0*p + 4*p - 3*w, -5*w = -4*p - 1025. Let j = p + u. List the prime factors of j.
2, 3
Let l(g) = 27*g**2 - g - 1. Let w be 6/(-10) - 624/(-65). Let k(t) = -t**2 + 9*t - 1. Let n be k(w). List the prime factors of l(n).
3
Let a(c) = -7*c - 34. Suppose 6*h - 110 = 448. Suppose 4*r = 33 - h. What are the prime factors of a(r)?
71
Let a(f) = -f**3 - 10*f**2 + 85*f - 36. List the prime factors of a(-20).
2, 283
Let i(k) = 658*k**2 + 171*k - 669. What are the prime factors of i(4)?
13, 811
Let g = 237 - 239. Let q be 7/3 + 6/9. List the prime factors of q + 0 + 80 + g.
3
Let k(b) = 2*b + 34. Let p be k(-15). Suppose 242 = y + p*s, 7*y - 5*y = 2*s + 514. List the prime factors of y.
2, 127
Let v(y) = -2*y**2 + 20*y - 22. Let c be v(10). Let m(q) = -12*q - 79. List the prime factors of m(c).
5, 37
Let u(p) = -2*p**2 + 2*p + 57. Let w be u(0). Suppose -60*h = -w*h. What are the prime factors of 1*24 + h + -4?
2, 5
Let j(a) = 1620*a - 75. What are the prime factors of j(1)?
3, 5, 103
Let l(o) be the second derivative of 5*o**3/6 - 39*o**2/2 + 40*o. Let d = 1 - -13. List the prime factors of l(d).
31
Suppose 3*l = 2*d + 18, -3*d + d + 30 = 3*l. Suppose 5*b + l = 2*g, -b - 2*b - 16 = -4*g. Suppose -10*x + 7*x + 189 = b. What are the prime factors of x?
3, 7
Let h(x) = -x**3 - x**2 + 2. Let o(b) = -7*b**3 - 17*b**2 + 33*b + 7. Let l(z) = -6*h(z) + o(z). List the prime factors of l(-15).
2, 5
Suppose -h + 4*k + 25613 = -19191, k - 223957 = -5*h. List the prime factors of h.
2, 11, 509
Let o = 33 + -26. Suppose -870 - 418 = -o*y. What are the prime factors of y?
2, 23
Let g(w) = w + 7. Let k be g(-5). Let o be -1 + -4 + 12 - k. Suppose 2*t = 5*t + 2*q - 23, 2*t - o*q - 28 = 0. What are the prime factors of t?
3
Suppose 86*i - 321273 + 86579 = 0. What are the prime factors of i?
2729
What are the prime factors of (-12696)/224*-430 + (-51)/(-238)?
2, 3, 677
Let s(y) = -46816*y - 968. List the prime factors of s(-2).
2, 3, 11, 13
List the prime factors of (-77934)/(-3) + 17 + -7.
2, 73, 89
Let z = 10386 + 1430. Suppose 16*w - z = 2*w. List the prime factors of w.
2, 211
Let x(v) = 7*v**2 - 38*v - 367. Let h be x(12). Let u be 0 - 1*-1*-69. Let g = h + u. List the prime factors of g.
2, 29
Suppose -5*a + 39170 = 4*s, 783*s - 785*s = -5*a + 39140. List the prime factors of a.
2, 3, 5, 29
Suppose 414180 = 22*v - 175750. What are the prime factors of (-3)/4 - (-10 - v/20)?
2, 3, 5
Let j(r) = -37*r + 7. Let i be 2 - 7 - (10/5 - 4). What are the prime factors of j(i)?
2, 59
Suppose -9*y - 14 = 49. Let x(j) = 19*j**2 + 14*j - 37. List the prime factors of x(y).
2, 199
Let d(s) = s**2 - 20*s + 16. Suppose 5*b + 2*b = 168. What are the prime factors of d(b)?
2, 7
Let q = 12326 - 8688. List the prime factors of q.
2, 17, 107
List the prime factors of 580/8*(-19888)/(-110).
2, 29, 113
Let h(g) = 23*g + 125. Let y be h(-14). Let m = 983 + y. List the prime factors of m.
2, 3, 131
Let i = 160 + 101. Let l = i + 634. List the prime factors of l.
5, 179
Let k = -2816 + 8319. List the prime factors of k.
5503
Suppose -6*b - 2674 = -13*b. Let y = b + -243. What are the prime factors of y?
139
What are the prime factors of 4276*(-60)/(-18) + (-30)/90?
3, 4751
Let k(h) = -40*h**3 + 5. Let g be k(2). Let a = 421 + g. List the prime factors of a.
2, 53
Let l = -333 - -334. List the prime factors of l + 2*(-12)/8 + 368.
2, 3, 61
Let m(u) = u**3 - 24*u**2 + 25*u - 16. Let v be m(23). Suppose 0 = -5*n + v + 1525. List the prime factors of n.
311
Let s(h) = -8*h - 1496. Let a(o) = -2*o - 498. Let g(l) = 11*a(l) - 4*s(l). List the prime factors of g(0).
2, 11, 23
Let a(i) = -i**3 + 46*i**2 - 19*i - 1. What are the prime factors of a(-17)?
7, 2647
Suppose -5*c + 120 = 435. Let s be (-9414)/c + (-4)/(-7). What are the prime factors of s*(2/7)/((-20)/(-28))?
2, 3, 5
Let l = -173 - -1019. Suppose -2*n - 3*x = 42 - 377, 5*n = x + l. Suppose -159 = -4*b + n. What are the prime factors of b?
2, 41
Let n(r) be the first derivative of 22*r**3/3 - 5*r**2/2 + 4*r - 28. Let m be (-24)/(-14) - (-2)/7. What are the prime factors of n(m)?
2, 41
Suppose -k - u = 52, 102 = -2*k - 5*u + 2*u. Let x = 200 + k. Suppose z - 3*z = -x. What are the prime factors of z?
73
Let h(n) = -7 - 6 + 0*n + 5 - 3*n. Let w be h(-4). Suppose w*o = -o + 320. What are the prime factors of o?
2
Suppose 61*t + 49*t = 240570. What are the prime factors of t?
3
What are the prime factors of (72104 - 0)*(132/22 + (-6 - -1))?
2, 9013
Let v(h) = 8036*h**2 + 19*h - 2. List the prime factors of v(-1).
5, 7, 229
Let f be 28/2*(504/(-16))/7. Let u = 443 + f. What are the prime factors of u?
2, 5, 19
Suppose 0 = 18*j - 31*j + 5776 + 2024. List the prime factors of j.
2, 3, 5
Suppose 5*d = x + 52962, 65134 - 12168 = 5*d - 3*x. What are the prime factors of d?
2, 331
Suppose -162*i = -166*i - 36. What are the prime factors of ((3 + i)*-21)/2?
3, 7
Let v = 42814 + 1813. What are the prime factors of v?
11, 4057
Let m = 816 - 321. Let b = -695 + 726. Suppose -m = -34*z + b*z. What are the prime factors of z?
3, 5, 11
Let g = 6248 - -4173. List the prime factors of g.
17, 613
Let m be 42/63*9186/(-4). Let r = 2145 + m. What are the prime factors of r?
2, 307
Let t(w) = 5*w - 3. Let n be t(-19). Let h = n + 214. Let j = 197 - h. What are the prime factors of j?
3
Let b(o) = o**3 + 46*o**2 - 40*o - 109. What are the prime factors of b(-42)?
8627
Let y(k) = -k**2 + 4*k + 7. Let j be y(0). Suppose -p - 10 = 5*c - 135, 4*c = 4*p - 380. Suppose -x + p = j. List the prime factors of x.
3, 31
Let l(v) = -2*v**3 - 26*v**2 - 61*v - 37. Let a be l(-18). Suppose 32*i = 18483 + a. What are the prime factors of i?
2, 89
Let u = 6521 + -2835. Suppose -4*o